15 divide 2535?
True
Does 34 divide 8171?
False
Is 28 a factor of 1176?
True
Is 13 a factor of 2185?
False
Does 9 divide 2000?
False
Is 9 a factor of 349?
False
Is 6757 a multiple of 29?
True
Does 15 divide 833?
False
Is 906 a multiple of 16?
False
Is 3 a factor of 17897?
False
Is 29832 a multiple of 107?
False
Is 24 a factor of 15888?
True
Is 1893 even?
False
Does 90 divide 1710?
True
Does 38 divide 9120?
True
Is 9 a factor of 166?
False
Is 8720 a multiple of 40?
True
Does 8 divide 16080?
True
Is 95 a factor of 4093?
False
Is 106 a factor of 18363?
False
Is 98 a multiple of 2?
True
Is 56 a factor of 7280?
True
Is 49 a factor of 22801?
False
Is 536 a multiple of 13?
False
Does 135 divide 544?
False
Is 320 a multiple of 7?
False
Is 57 a factor of 9559?
False
Is 13 a factor of 2363?
False
Is 381 a factor of 36576?
True
Is 32 a factor of 629?
False
Is 3 a factor of 3078?
True
Does 2 divide 314?
True
Does 11 divide 1463?
True
Is 4784 a multiple of 13?
True
Is 5734 a multiple of 39?
False
Is 7 a factor of 88?
False
Is 727 a multiple of 13?
False
Is 204 a multiple of 34?
True
Is 15990 a multiple of 13?
True
Does 181 divide 15928?
True
Is 11 a factor of 363?
True
Is 5452 a multiple of 116?
True
Is 4 a factor of 304?
True
Is 38 a factor of 885?
False
Is 46 a factor of 1105?
False
Is 4 a factor of 5509?
False
Is 59 a factor of 590?
True
Does 3 divide 3338?
False
Is 2 a factor of 12385?
False
Is 1470 a multiple of 49?
True
Does 56 divide 763?
False
Does 4 divide 6557?
False
Does 25 divide 725?
True
Does 33 divide 10659?
True
Does 5 divide 22?
False
Is 3 a factor of 3783?
True
Does 203 divide 13777?
False
Is 10 a factor of 367?
False
Is 54 a factor of 7844?
False
Is 2464 a multiple of 56?
True
Is 19 a factor of 1216?
True
Does 48 divide 1682?
False
Is 21 a factor of 1239?
True
Is 172 a factor of 18459?
False
Does 13 divide 1951?
False
Is 243 a multiple of 27?
True
Does 3 divide 15?
True
Is 41 even?
False
Does 13 divide 6175?
True
Is 120 a factor of 3360?
True
Is 630 a multiple of 30?
True
Does 4 divide 962?
False
Does 44 divide 54560?
True
Does 24 divide 1682?
False
Is 7716 a multiple of 7?
False
Does 72 divide 504?
True
Does 178 divide 12816?
True
Does 88 divide 6173?
False
Is 5922 a multiple of 9?
True
Is 5 a factor of 3916?
False
Does 38 divide 21166?
True
Does 13 divide 247?
True
Is 33831 a multiple of 21?
True
Is 6307 a multiple of 53?
True
Is 84 a factor of 588?
True
Is 53 a multiple of 14?
False
Does 29 divide 2900?
True
Does 61 divide 4064?
False
Is 1096 a multiple of 9?
False
Is 9 a factor of 1208?
False
Is 17244 a multiple of 98?
False
Does 12 divide 22764?
True
Is 14 a factor of 31136?
True
Is 590 a multiple of 10?
True
Is 5582 a multiple of 10?
False
Is 302 a factor of 31408?
True
Is 1111 a multiple of 11?
True
Is 564 a multiple of 12?
True
Is 39 a factor of 1833?
True
Is 19 a factor of 1125?
False
Is 38779 a multiple of 247?
True
Does 19 divide 133?
True
Is 204 a factor of 27618?
False
Does 158 divide 6418?
False
Does 13 divide 34?
False
Is 28425 a multiple of 80?
False
Is 30 a factor of 720?
True
Is 159 a factor of 23214?
True
Is 1162 a multiple of 2?
True
Does 3 divide 76?
False
Is 26 a factor of 3038?
False
Does 95 divide 190?
True
Is 22 a factor of 32460?
False
Does 61 divide 915?
True
Is 12 a factor of 12407?
False
Is 2639 a multiple of 27?
False
Is 36 a factor of 2988?
True
Is 792 a multiple of 9?
True
Is 88 a factor of 15576?
True
Is 3174 a multiple of 69?
True
Is 17 a factor of 5286?
False
Is 207 a factor of 37260?
True
Is 22 a factor of 25124?
True
Is 767 a multiple of 13?
True
Does 7 divide 301?
True
Is 15 a factor of 6325?
False
Is 12 a factor of 12216?
True
Is 54 a multiple of 3?
True
Does 10 divide 355?
False
Is 90 a multiple of 47?
False
Is 121 a multiple of 11?
True
Does 111 divide 1986?
False
Is 11 a factor of 297?
True
Is 15 a factor of 9540?
True
Does 7 divide 535?
False
Is 32 a factor of 1933?
False
Is 164 a factor of 3280?
True
Is 5398 a multiple of 18?
False
Is 83 a factor of 16268?
True
Does 2 divide 1911?
False
Is 6 a factor of 1605?
False
Is 107134 a multiple of 111?
False
Does 11 divide 49442?
False
Is 869 a multiple of 79?
True
Does 7 divide 186?
False
Does 52 divide 6656?
True
Does 5 divide 135?
True
Does 17 divide 1812?
False
Is 32960 a multiple of 14?
False
Is 9278 a multiple of 127?
False
Is 1062 a multiple of 6?
True
Is 85 a factor of 6290?
True
Is 74867 a multiple of 12?
False
Does 8 divide 9433?
False
Is 36 a factor of 52560?
True
Does 70 divide 35131?
False
Is 618 a multiple of 103?
True
Is 140 a multiple of 35?
True
Is 3042 a multiple of 13?
True
Is 2893 a multiple of 80?
False
Is 30 a factor of 120?
True
Is 159 a factor of 23569?
False
Is 19580 a multiple of 89?
True
Is 57438 a multiple of 88?
False
Does 18 divide 15829?
False
Does 87 divide 2180?
False
Does 41 divide 504?
False
Is 4992 a multiple of 96?
True
Is 22 a factor of 627?
False
Is 17 a factor of 2601?
True
Does 28 divide 90580?
True
Does 31 divide 4719?
False
Does 22 divide 4888?
False
Does 15 divide 24323?
False
Is 7 a factor of 559?
False
Is 41 even?
False
Is 3930 a multiple of 10?
True
Is 21 a factor of 25977?
True
Is 5 a factor of 805?
True
Is 140 a multiple of 7?
True
Is 5 a factor of 430?
True
Is 28 a factor of 25448?
False
Is 24 a factor of 1350?
False
Is 540 a multiple of 10?
True
Is 64 a multiple of 8?
True
Is 35 a factor of 805?
True
Is 242 even?
True
Is 15 a factor of 25005?
True
Is 16 a factor of 992?
True
Does 32 divide 7776?
True
Is 460 a multiple of 52?
False
Is 2208 a multiple of 19?
False
Is 12 a factor of 672?
True
Is 87 a factor of 39411?
True
Is 24 a multiple of 12?
True
Is 26 a factor of 234?
True
Does 11 divide 25245?
True
Does 141 divide 21714?
True
Does 24 divide 36802?
False
Does 16 divide 138?
False
Does 9 divide 13312?
False
Is 32 a factor of 384?
True
Is 59479 a multiple of 203?
True
Does 40 divide 10880?
True
Is 34937 a multiple of 31?
True
Is 129 a factor of 28896?
True
Is 23 a factor of 11025?
False
Is 1520 a multiple of 19?
True
Is 879 a multiple of 16?
False
Is 9 a factor of 990?
True
Is 1076 a multiple of 8?
False
Is 9 a factor of 2281?
False
Is 7851 a multiple of 30?
False
Does 28 divide 2605?
False
Is 117273 a multiple of 14?
False
Is 16912 a multiple of 112?
True
Is 44 a factor of 20655?
False
Is 26 a factor of 649?
False
Is 12 a factor of 108?
True
Does 30 divide 59490?
True
Is 93198 a multiple of 32?
False
Is 26 a factor of 5010?
False
Is 22 a factor of 16060?
True
Does 15 divide 499?
False
Is 41 a factor of 25197?
False
Does 3 divide 111?
True
Is 3920 a multiple of 7?
True
Does 156 divide 10764?
True
Is 1490 a multiple of 14?
False
Does 9 divide 22628?
False
Does 16 divide 34880?
True
Is 34080 a multiple of 15?
True
Is 3642 a multiple of 37?
False
Is 536 a multiple of 4?
True
Does 16 divide 448?
True
Is 11 a factor of 627?
True
Is 304 a multiple of 20?
False
Is 61 a factor of 2243?
False
Is 6 a factor of 4674?
True
Is 16 a factor of 1385?
False
Does 43 divide 615?
False
Is 116 a factor of 1854?
False
Does 26 divide 1147?
False
Is 26 a factor of 1664?
True
Does 24 divide 407?
False
Is 36 a factor of 576?
True
Is 499 even?
False
Is 14454 a multiple of 17?
False
Does 11 divide 273?
False
Is 78 a factor of 21996?
True
Does 10 divide 6970?
True
Is 19 a factor of 310?
False
Is 30 a factor of 8586?
False
Is 33 a multiple of 20?
False
Is 286 a multiple of 13?
True
Is 17820 a multiple of 22?
True
Does 46 divide 6452?
False
Is 10 a factor of 12095?
False
Is 17 a factor of 1195?
False
Is 27 a factor of 3349?
False
Is 3498 a multiple of 75?
False
Is 16 a factor of 9155?
False
Does 14 divide 1254?
False
Does 47 divide 94?
True
Does 79 divide 2262?
False
Does 44 divide 85759?
False
Is 6 a factor of 822?
True
Does 23 divide 6340?
False
Does 13 divide 1391?
True
Is 3486 a multiple of 6?
True
Is 77 a factor of 30338?
True
Does 9 divide 909?
True
Is 5992 a multiple of 107?
True
Is 4060 a multiple of 29?
True
Does 59 divide 177?
True
Does 67 divide 75?
False
Is 56 a factor of 3765?
False
Is 28 a factor of 504?
True
Does 54 divide 14310?
True
Does 19 divide 6023?
True
Is 186 a factor of 7254?
True
Is 105 a factor of 65520?
True
Is 25 a factor of 1650?
True
Is 6945 a multiple of 15?
True
Is 41 a factor of 10905?
False
Is 8